f 3548021 and 1141.
163
Calculate the highest common factor of 23024103 and 3162.
1581
What is the greatest common divisor of 2888 and 17421138?
722
Calculate the highest common divisor of 17210700 and 17500.
100
What is the highest common divisor of 292268871 and 668?
167
Calculate the greatest common factor of 29972 and 39116.
508
What is the highest common divisor of 63 and 124628?
7
What is the greatest common divisor of 9700 and 178055140?
1940
Calculate the highest common divisor of 34650 and 4743200.
3850
What is the highest common divisor of 87120 and 8349?
363
Calculate the highest common factor of 3 and 71149077.
3
What is the highest common factor of 23836 and 2589451?
59
Calculate the greatest common factor of 259809 and 162195.
33
Calculate the greatest common factor of 36651 and 60933.
57
Calculate the greatest common factor of 18036802 and 861.
287
What is the highest common factor of 79059470 and 560?
70
Calculate the greatest common divisor of 426260 and 15140.
20
Calculate the greatest common divisor of 2885655 and 15.
15
Calculate the greatest common factor of 948276774 and 1998.
1998
What is the greatest common factor of 380 and 622649?
19
What is the highest common factor of 17609846 and 190?
38
Calculate the highest common factor of 66365496 and 216.
72
What is the greatest common divisor of 57253 and 13048?
7
What is the highest common factor of 57579776 and 32?
32
Calculate the greatest common factor of 56443897 and 515.
103
What is the highest common factor of 580569 and 88756685?
17593
What is the highest common factor of 13358515 and 19550?
1955
What is the greatest common factor of 3806 and 406318?
22
What is the highest common factor of 8762 and 450020701?
4381
Calculate the greatest common divisor of 157063 and 221.
17
What is the greatest common divisor of 3392125 and 55?
55
Calculate the highest common divisor of 2913850 and 2085855.
2885
Calculate the highest common divisor of 2555397 and 663.
39
What is the greatest common factor of 93064 and 454?
2
What is the highest common divisor of 72192 and 33792?
1536
What is the greatest common divisor of 586 and 907352438?
586
What is the highest common divisor of 1464 and 55006872?
1464
Calculate the highest common factor of 82926 and 7174.
34
Calculate the highest common divisor of 2741197 and 6219.
691
Calculate the highest common divisor of 207280784 and 368.
368
What is the greatest common divisor of 741756656 and 912?
304
Calculate the highest common divisor of 413524368 and 976.
976
Calculate the highest common factor of 4984408 and 40.
8
What is the highest common divisor of 9600162 and 44616?
858
Calculate the greatest common factor of 105274243 and 23.
23
Calculate the greatest common factor of 35192608 and 704.
352
Calculate the greatest common factor of 428 and 2865139.
107
What is the highest common divisor of 12 and 160634844?
12
What is the highest common factor of 4141 and 2988982?
41
Calculate the greatest common factor of 4716700 and 620140.
2020
What is the greatest common factor of 679 and 85171335?
97
Calculate the highest common factor of 23855 and 1117636.
13
What is the greatest common divisor of 12228819 and 5232?
327
Calculate the highest common factor of 146737601 and 31.
31
Calculate the greatest common factor of 1840 and 2377200.
80
Calculate the highest common factor of 1422 and 109206.
18
What is the greatest common factor of 344222 and 6758?
218
What is the highest common divisor of 2457660 and 135?
15
Calculate the greatest common factor of 7 and 2502096870.
7
What is the highest common divisor of 1446 and 65559?
3
What is the highest common divisor of 26529978 and 12306?
1758
What is the highest common factor of 365844353 and 14?
7
What is the highest common divisor of 79812 and 702?
54
Calculate the greatest common divisor of 63585 and 169089.
471
What is the greatest common divisor of 4027001 and 968?
121
Calculate the greatest common divisor of 511851654 and 6705.
1341
What is the highest common divisor of 22 and 1236734?
2
What is the highest common factor of 2565 and 19082365?
95
What is the highest common factor of 19877 and 3367?
13
What is the greatest common factor of 36897377 and 11?
11
Calculate the highest common divisor of 72298665 and 4185.
1395
What is the greatest common divisor of 14459995 and 110?
55
Calculate the greatest common divisor of 1754261 and 603.
67
What is the greatest common divisor of 1266470 and 2581?
89
What is the highest common divisor of 1767115 and 20?
5
What is the greatest common factor of 64 and 38897216?
64
What is the greatest common divisor of 175893241 and 7923?
2641
What is the greatest common factor of 59184 and 155906?
274
What is the greatest common divisor of 113805375 and 50?
25
What is the greatest common divisor of 84180 and 45120?
60
What is the highest common divisor of 19053045 and 87840?
2745
Calculate the highest common factor of 3535 and 359675645.
3535
Calculate the highest common divisor of 260088 and 14226.
6
Calculate the greatest common divisor of 179962 and 1149251.
1139
What is the greatest common factor of 1840929 and 228?
57
What is the greatest common factor of 20 and 9199930?
10
What is the greatest common divisor of 116740 and 12623?
13
Calculate the greatest common factor of 2332624 and 336.
112
What is the highest common divisor of 67208 and 10227540?
1084
Calculate the highest common factor of 155 and 1425101.
31
What is the greatest common divisor of 405222 and 18?
6
What is the greatest common divisor of 2060604 and 81252?
1332
What is the greatest common factor of 325 and 4420845?
65
What is the greatest common divisor of 5268461 and 2299?
121
Calculate the highest common divisor of 7 and 453377.
1
Calculate the highest common divisor of 5526 and 4515663.
921
Calculate the highest common factor of 1136 and 748912.
16
Calculate the greatest common factor of 10 and 637354.
2
What is the greatest common factor of 174 and 184296?
6
Calculate the greatest common divisor of 11638 and 313786.
22
What is the highest common factor of 75 and 241155500?
25
What is the highest common divisor of 489866 and 87316?
166
What is the greatest common factor of 5523 and 3539717?
263
Calculate the greatest common factor of 580594 and 2034.
226
Calculate the highest common divisor of 120 and 580753340.
20
Calculate the highest common factor of 205075848 and 8.
8
Calculate the greatest common factor of 24224 and 9868252.
3028
Calculate the highest common divisor of 1760159831 and 7577.
7577
What is the highest common divisor of 376 and 181711212?
188
What is the highest common factor of 180 and 33119811?
9
Calculate the highest common factor of 23824221 and 183.
183
Calculate the highest common divisor of 112009088 and 3856.
3856
Calculate the highest common factor of 880 and 141773720.
440
Calculate the greatest common factor of 1482 and 24187.
19
What is the greatest common divisor of 154 and 4496023?
7
What is the greatest common divisor of 307585 and 1752440?
1135
Calculate the highest common divisor of 18910773 and 189.
189
Calculate the greatest common factor of 572 and 472824.
44
Calculate the greatest common divisor of 220 and 7006252.
44
What is the highest common divisor of 1685 and 430148485?
1685
What is the greatest common factor of 817795 and 165?
55
Calculate the highest common factor of 7885 and 1480195.
95
Calculate the highest common factor of 255776 and 19488.
32
What is the highest common divisor of 235 and 3598275?
5
Calculate the greatest common divisor of 5937585 and 872247.
10509
What is the greatest common divisor of 2182 and 27075347?
1091
What is the greatest common factor of 1230 and 169929010?
410
Calculate the highest common factor of 126971584 and 128.
64
What is the highest common factor of 327 and 487805847?
327
What is the highest common divisor of 5254525 and 14567?
2081
Calculate the greatest common divisor of 63463420 and 114.
38
Calculate the greatest common factor of 3887741 and 63349.
143
Calculate the greatest common divisor of 96384 and 582069.
753
Calculate the greatest common factor of 1022796 and 20772.
36
Calculate the highest common divisor of 5421602 and 26766.
2974
Calculate the greatest common factor of 3405813 and 5533.
503
Ca